s of 560902?
2, 280451
List the prime factors of 2002587.
3, 23, 29023
List the prime factors of 9859533.
3, 3286511
What are the prime factors of 543498?
2, 3, 90583
List the prime factors of 18576755.
5, 23, 67, 2411
List the prime factors of 32423277.
3, 1163, 9293
List the prime factors of 1620655.
5, 324131
List the prime factors of 3424613.
3424613
What are the prime factors of 43112648?
2, 41, 131441
What are the prime factors of 407122?
2, 251, 811
List the prime factors of 9072839.
1033, 8783
What are the prime factors of 5231166?
2, 3, 23, 37907
List the prime factors of 285678.
2, 3, 59, 269
List the prime factors of 1441510.
2, 5, 7, 20593
List the prime factors of 11498944.
2, 179671
List the prime factors of 329241.
3, 11, 907
What are the prime factors of 4080445?
5, 29, 107, 263
What are the prime factors of 67080?
2, 3, 5, 13, 43
List the prime factors of 2836098.
2, 3, 157561
What are the prime factors of 10628108?
2, 2657027
List the prime factors of 517556.
2, 13, 37, 269
List the prime factors of 1073152.
2, 131
List the prime factors of 190067.
71, 2677
List the prime factors of 274703.
11, 13, 17, 113
List the prime factors of 449077.
449077
What are the prime factors of 155093?
31, 5003
List the prime factors of 2019579.
3, 673193
What are the prime factors of 3555572?
2, 277, 3209
List the prime factors of 17035208.
2, 2129401
List the prime factors of 331182.
2, 3, 6133
What are the prime factors of 2656626?
2, 3, 7, 43, 1471
List the prime factors of 1048068.
2, 3, 7, 4159
List the prime factors of 3991315.
5, 798263
List the prime factors of 8376335.
5, 11, 152297
List the prime factors of 16455911.
227, 72493
List the prime factors of 606561.
3, 202187
List the prime factors of 718267.
11, 17, 23, 167
List the prime factors of 110626.
2, 55313
What are the prime factors of 54429?
3, 18143
List the prime factors of 22655.
5, 23, 197
What are the prime factors of 1281754?
2, 37, 17321
List the prime factors of 9729777.
3, 883, 3673
List the prime factors of 4601378.
2, 2300689
What are the prime factors of 243513?
3, 29, 311
List the prime factors of 84495.
3, 5, 43, 131
List the prime factors of 7029595.
5, 1405919
List the prime factors of 16705663.
13, 1285051
List the prime factors of 287405.
5, 47, 1223
List the prime factors of 3075342.
2, 3, 503, 1019
What are the prime factors of 455303?
59, 7717
List the prime factors of 1608755.
5, 321751
List the prime factors of 375320.
2, 5, 11, 853
List the prime factors of 2012716.
2, 29, 17351
What are the prime factors of 8156782?
2, 31, 131561
List the prime factors of 8477214.
2, 3, 317, 4457
What are the prime factors of 1027841?
1027841
What are the prime factors of 22640829?
3, 509, 14827
List the prime factors of 3079033.
23, 59, 2269
List the prime factors of 168387.
3, 37, 41
What are the prime factors of 627571?
7, 89653
What are the prime factors of 6317392?
2, 394837
List the prime factors of 181424.
2, 17, 23, 29
List the prime factors of 1563246.
2, 3, 28949
List the prime factors of 963107.
107, 9001
List the prime factors of 135990.
2, 3, 5, 1511
What are the prime factors of 8463273?
3, 7, 13, 29, 1069
What are the prime factors of 4249430?
2, 5, 251, 1693
List the prime factors of 375553.
375553
List the prime factors of 5690969.
5690969
What are the prime factors of 178894?
2, 23, 3889
What are the prime factors of 24246302?
2, 12123151
List the prime factors of 306963.
3, 11369
List the prime factors of 1296217.
13, 99709
List the prime factors of 178740.
2, 3, 5, 331
List the prime factors of 22901958.
2, 3, 17, 74843
List the prime factors of 18673910.
2, 5, 449, 4159
List the prime factors of 2565002.
2, 11, 31, 3761
What are the prime factors of 1372292?
2, 343073
What are the prime factors of 6155347?
11, 559577
What are the prime factors of 17886787?
17886787
List the prime factors of 2371852.
2, 7, 23, 29, 127
What are the prime factors of 276206?
2, 7, 109, 181
List the prime factors of 15404900.
2, 5, 7, 59, 373
List the prime factors of 1411531.
11, 128321
List the prime factors of 254520.
2, 3, 5, 7, 101
List the prime factors of 614116.
2, 153529
What are the prime factors of 447159?
3, 149053
What are the prime factors of 5252?
2, 13, 101
What are the prime factors of 752731?
7, 191, 563
List the prime factors of 647868.
2, 3, 13, 4153
What are the prime factors of 21541?
13, 1657
What are the prime factors of 3759925?
5, 13, 23, 503
What are the prime factors of 968166?
2, 3, 17929
List the prime factors of 69312.
2, 3, 19
List the prime factors of 13049346.
2, 3, 2174891
List the prime factors of 24811465.
5, 7, 708899
List the prime factors of 293974.
2, 146987
List the prime factors of 657675.
3, 5, 37, 79
What are the prime factors of 226016?
2, 7, 1009
What are the prime factors of 249005?
5, 49801
List the prime factors of 94098.
2, 3, 15683
What are the prime factors of 173038?
2, 241, 359
List the prime factors of 1380883.
7, 197269
What are the prime factors of 2325552?
2, 3, 48449
What are the prime factors of 1954357?
1954357
What are the prime factors of 494801?
37, 43, 311
What are the prime factors of 196902?
2, 3, 10939
List the prime factors of 582973.
582973
What are the prime factors of 232139?
23, 10093
List the prime factors of 24990.
2, 3, 5, 7, 17
List the prime factors of 781467.
3, 260489
What are the prime factors of 32333?
7, 31, 149
List the prime factors of 278665.
5, 55733
What are the prime factors of 4681704?
2, 3, 195071
List the prime factors of 12522079.
12522079
What are the prime factors of 9115540?
2, 5, 7, 65111
What are the prime factors of 10756510?
2, 5, 1075651
What are the prime factors of 651080?
2, 5, 41, 397
List the prime factors of 140935.
5, 71, 397
What are the prime factors of 463567?
13, 211
What are the prime factors of 628305?
3, 5, 41887
What are the prime factors of 7676795?
5, 7, 137, 1601
What are the prime factors of 1715930?
2, 5, 29, 61, 97
What are the prime factors of 1385599?
167, 8297
List the prime factors of 1650087.
3, 183343
List the prime factors of 6394667.
23, 278029
List the prime factors of 103920.
2, 3, 5, 433
List the prime factors of 1181293.
1181293
List the prime factors of 537834.
2, 3, 11, 29, 281
What are the prime factors of 10187910?
2, 3, 5, 97, 389
List the prime factors of 681870.
2, 3, 5, 7, 17, 191
What are the prime factors of 425993?
313, 1361
List the prime factors of 938568.
2, 3, 39107
List the prime factors of 6608236.
2, 59, 28001
List the prime factors of 2710704.
2, 3, 56473
List the prime factors of 800548.
2, 7, 28591
List the prime factors of 3094568.
2, 19, 20359
List the prime factors of 24017640.
2, 3, 5, 233, 859
List the prime factors of 44381.
44381
List the prime factors of 192995.
5, 11, 29
List the prime factors of 117198.
2, 3, 17, 383
What are the prime factors of 6264033?
3, 2088011
List the prime factors of 508327.
508327
List the prime factors of 161750.
2, 5, 647
What are the prime factors of 302335?
5, 11, 23, 239
List the prime factors of 122852.
2, 30713
List the prime factors of 8028896.
2, 17, 14759
What are the prime factors of 493414?
2, 246707
List the prime factors of 74236.
2, 67, 277
List the prime factors of 5262692.
2, 1315673
What are the prime factors of 312164?
2, 78041
List the prime factors of 908203.
43, 21121
List the prime factors of 851154.
2, 3, 127, 1117
List the prime factors of 410403.
3, 7, 19543
What are the prime factors of 219525?
3, 5, 2927
What are the prime factors of 2446357?
2446357
List the prime factors of 32275341.
3, 7, 56923
List the prime factors of 35617189.
35617189
List the prime factors of 374053.
19, 19687
List the prime factors of 516018.
2, 3, 17, 5059
List the prime factors of 2573342.
2, 151, 8521
What are the prime factors of 24837?
3, 17, 487
List the prime factors of 26253853.
26253853
List the prime factors of 382729.
382729
What are the prime factors of 9696572?
2, 409, 5927
List the prime factors of 120509.
37, 3257
What are the prime factors of 3300634?
2, 1650317
List the prime factors of 2527863.
3, 13, 64817
What are the prime factors of 729270?
2, 3, 5, 37, 73
List the prime factors of 117142.
2, 37, 1583
List the prime factors of 50075.
5, 2003
List the p